ghest common divisor of j and 49?
49
Let m(l) = l**3 + l**2 - 2*l + 16. Let h = -122 + 122. Let o be m(h). Suppose o*q = 2*q + 420. What is the highest common factor of 6 and q?
6
Suppose -17 = 4*a - 125. Let h(g) = -4*g + 23. Let w(l) = -5*l + 24. Let x(z) = 3*h(z) - 4*w(z). Let m be x(27). What is the greatest common divisor of m and a?
27
Let j(y) = y**3 + 5*y**2 - 5*y - 12. Let n be j(-5). Suppose -n = 2*c + 25. Let f be (5 + 0 + 0)*(-14 - c). What is the highest common divisor of f and 5?
5
Let z be (5 - 2) + 7/7*-6. Let c(r) = -86*r + 7. Let y be c(z). Calculate the highest common divisor of y and 5.
5
Suppose -24*h = -40*h + 29*h - 3120. What is the highest common divisor of 816 and h?
48
Let u(f) = 7*f**3 - f**2 + 23. Let t be u(3). Calculate the greatest common factor of t and 1044.
29
Let g = 1049 + -687. Let r = 370 - g. What is the greatest common factor of 3 and r?
1
Suppose -16*o = 3*o - 209. Let u(c) = 2*c**2 + 5*c - 19. Let x be u(-12). What is the highest common factor of x and o?
11
Let h(l) = l**2 + 12*l - 1. Let k be h(-12). Let s be (-11)/k - (9 - 7). Suppose -v = 340 - 349. What is the highest common factor of v and s?
9
Suppose -5*p - 2 + 27 = 0. Let t(v) = 96*v + 18. Let l be t(p). Suppose 9*d - 4*d - l = -4*g, d - 5*g = 88. Calculate the greatest common divisor of d and 14.
14
Let l be 530/159*117/2. Let s(h) = 3*h. Let g be s(5). What is the highest common factor of l and g?
15
Let t be 6 + -219 + (7 - 2). Let z = t - -238. Calculate the greatest common divisor of 390 and z.
30
Let a = 594 - 590. Suppose -a*x - 10 = -2, 2*d - 3*x - 136 = 0. What is the greatest common factor of 52 and d?
13
Let h be 8 + -3 + -5 + (-95)/(-1). Let u be 4 + 4 + -15 - (-4208)/4. Calculate the highest common divisor of u and h.
95
Let f(r) be the first derivative of r**3 + 3*r**2/2 - 3*r - 2. Let z be f(7). Suppose -49*j = -10*j - 585. Calculate the highest common divisor of z and j.
15
Let i be (2*54/21)/((-30)/(-315)). Calculate the highest common factor of 4608 and i.
18
Let x = 1295 - -5810. Calculate the greatest common factor of 10 and x.
5
Let q = 2972 + -2965. Calculate the highest common factor of q and 791.
7
Let p(j) = -28*j - 1162. Let a be p(-42). Let q(r) = -r**2 + 5*r - 6. Let x be q(4). Let n be 38 + 6/(x/1). Calculate the highest common factor of a and n.
7
Suppose 0*u - 420 = -2*g - 2*u, 219 = g - 2*u. Suppose -100 - 113 = p - 2*n, g = -p + n. Let s = 341 + p. What is the highest common factor of s and 32?
32
Let u = 7820 - 7677. Calculate the highest common factor of u and 273.
13
Let q(z) be the second derivative of z**4/12 + 5*z**3/6 + 12*z**2 - 8*z - 12. Let a be q(-6). Calculate the greatest common divisor of 330 and a.
30
Suppose 2*a + 10 = -m - m, 2*m = 4*a - 4. Let r = a + 5. Suppose -5*u + 260 = -5*q, 2*u + 4*q - 238 = -134. What is the greatest common factor of u and r?
4
Suppose 0*q + 56 = 7*q. Let d(z) = -2*z**2 + 13*z - 15. Let r be d(5). Suppose n - 7*n + 48 = r. Calculate the highest common divisor of q and n.
8
Let p be -834*((-16)/(-6) - 4). Suppose -10*l + p - 192 = 0. Calculate the greatest common factor of 8 and l.
4
Let h(b) = -74*b**2 + 4*b - 2. Let l(g) = 73*g**2 - 5*g + 4. Let u(t) = -3*h(t) - 2*l(t). Let p be u(1). What is the highest common divisor of 8 and p?
8
Suppose 16*w - 9*w = 28. Suppose 0 = -2*c - 0*c + w. Suppose 4*f = c*u + 3*f - 22, f - 43 = -3*u. What is the greatest common factor of 91 and u?
13
Let x be (207/12)/(-1)*1728/(-162). What is the greatest common factor of 345 and x?
23
Suppose -13770 = -39*n - 15*n. What is the highest common divisor of n and 240?
15
Let o = 6246 - 5239. What is the greatest common factor of 19 and o?
19
Suppose j = 2*g - 31, 3*j = 3*g + j - 44. Let u be (39 - 12) + 2*1. Let o = u - g. What is the greatest common factor of o and 55?
11
Let h(s) = -2*s**2 + 15*s - 26. Let q be h(8). Let m = q - -105. Let c = m + -37. What is the highest common divisor of c and 17?
17
Suppose -13 = -n - 1. Let i be -1 + n + -2 + -1. Let g = 23 - i. What is the highest common divisor of g and 3?
3
Let x(o) = 4*o - 6. Let u be x(2). Let a be (-1 + -9)*(1 - u/10). Let l = -3 - a. Calculate the greatest common divisor of 5 and l.
5
Let p be 7416/252 + (-4)/(-7). Let q = 32 - 12. Calculate the highest common factor of q and p.
10
Let z(u) = 4*u - 20. Suppose m - 14 = -7. Let n be z(m). Let q be 1*(2 + 7 + -1). Calculate the highest common divisor of n and q.
8
Let x be 10/40 - (-1)/(-4). Suppose -4*v + 76 = -x*v. Suppose 71 + 214 = 5*m. Calculate the greatest common divisor of m and v.
19
Let b be 15/9*(-24)/20. Let l be 3682/10 + 1*b/10. What is the highest common factor of 16 and l?
16
Let y be (105/210)/((3 - 4) + 23/22). Calculate the greatest common factor of 15125 and y.
11
Suppose -46*s + 2918 = -2004. Calculate the highest common divisor of s and 2461.
107
Suppose 0 = 2*f + 80*f - 18040. Calculate the greatest common divisor of f and 340.
20
Let t = 24 + -16. Let p be 1*t/(-12)*-6. Suppose -3*v + p*w = v - 52, -5*v + 2*w + 50 = 0. Calculate the greatest common factor of v and 16.
8
Let w be (-135)/(-30)*(2 + (-2)/3). Let d be (w + -3)/1 + -5 + 35. Suppose -17 = -b + d. What is the highest common factor of b and 10?
10
Let d be (-27)/189 - 323/(-7). Let f(t) = 9*t**2 + 4*t - 72. Let u be f(-9). Calculate the highest common factor of u and d.
23
Let s be 944 + (-35 + 36)*(4 + 1). Calculate the highest common factor of 26 and s.
13
Let x(j) = -j**3 - 8*j**2 + 2*j + 17. Let m be x(-12). Let g = m + -398. Calculate the greatest common divisor of g and 18.
9
Suppose -117808 = -111*p + 37*p. Calculate the greatest common factor of p and 32.
8
Let p(q) = q**2 - 12*q - 109. Let x be 7 + (6 - 34) - -1. Let r be p(x). Calculate the highest common divisor of r and 9.
9
Let c = 99 + -152. Let b = -49 - c. Suppose t = 24 + b. Calculate the greatest common factor of 7 and t.
7
Suppose 4*y = -2*v + 82, -2*v + 526 = 7*y + 408. Let k be (16/10)/((-1)/(-170)). Calculate the greatest common divisor of k and v.
17
Let m(l) = -736*l - 2168. Let t be m(-7). Calculate the greatest common divisor of 8 and t.
8
Let v = 17832 - 17757. Suppose 0 = -5*a + 2156 + 1219. Calculate the highest common divisor of a and v.
75
Suppose 5*a + 3*b = 1614, 4*a = 26*b - 24*b + 1300. Calculate the highest common factor of 684 and a.
36
Let h be (-1 + 4 + 1)*(-17 - -19). Suppose -d + 5*m + 41 = -h, -5*d + m + 149 = 0. What is the greatest common factor of d and 261?
29
Let k(j) be the first derivative of -2*j**3/3 + j**2/2 + 195*j - 161. Let m be k(0). What is the greatest common divisor of m and 52?
13
Let w = 1698 + -1656. Calculate the highest common divisor of w and 144.
6
Let v = 188 - 325. Let o = v - -156. What is the highest common divisor of o and 152?
19
Suppose -5*f + 2*r + 3226 = -0*f, -4*f = -4*r - 2588. Let p(u) = -748*u - 702. Let c be p(-1). Calculate the greatest common factor of c and f.
46
Suppose 11424 = 250*i + 107*i. Let v = -28 - -52. Calculate the highest common divisor of v and i.
8
Suppose 5 - 10 = -o. Suppose 180 = 3*d + p, o*d - 66 = -5*p + 234. Calculate the greatest common divisor of d and 12.
12
Let m(t) = -26*t - 312. Let r be m(-18). Calculate the greatest common divisor of r and 2236.
52
Suppose w + 5*n - 7 = -23, 3*n = 5*w - 60. Suppose w*q + 942 = 3372. What is the highest common factor of q and 10?
10
Let o be 9/(-6)*(-656)/(-3). Let r = -1166 - -1637. Let j = r + o. What is the highest common factor of j and 13?
13
Let v be (-17437)/(-1316) - 2/8. Calculate the greatest common divisor of 8411 and v.
13
Let d be (-10)/15*4234*(-18)/24. Calculate the highest common divisor of 146 and d.
73
Let i(a) = -9. Let v(l) = l - 1. Let z(d) = i(d) - 6*v(d). Let p be z(3). Let b = 27 + p. What is the highest common divisor of b and 54?
6
Let h = 15174 + -15086. Calculate the highest common divisor of 4796 and h.
44
Let t = 197 - 53. Suppose -2*c - 124 = -t. Calculate the greatest common factor of c and 190.
10
Let j = 166 + -220. Let l be (68/(-153))/(4/j). Calculate the highest common factor of 96 and l.
6
Let d = -22 + 24. Suppose -o + d*o = 2. Let j(g) = g**2 - 4*g + 3. Let v be j(0). Calculate the highest common factor of v and o.
1
Let g be 1/(4*7/420). Suppose 8*v - 39 = 4*v - 